ppose 0 = -y*p + 5 + 120. Is p a composite number?
True
Suppose 0 = 2*i - 57 + 13. Suppose t - i = -t. Is t a prime number?
True
Let i be 2/2 - (3 + -2). Let j = -8 - -7. Is (4 - -3) + i/j a composite number?
False
Let s(p) = 3*p + 7. Let l be s(-5). Let b = l + 8. Suppose -t + b*t = -15. Is t prime?
False
Let t(d) be the second derivative of -3*d**4/2 + d**3/3 + 2*d. Let s be t(2). Let k = -33 - s. Is k a prime number?
False
Let k = 761 + -84. Is k composite?
False
Let o(p) = -p**3 + 7*p**2 - 4*p + 31. Is o(-7) a prime number?
False
Let m = -1986 + 3245. Is m a composite number?
False
Let v be 2/2*4 + -1. Suppose c - 1 = v. Suppose c*m - 61 = 27. Is m prime?
False
Suppose -3*b + 121 = -260. Is b prime?
True
Let b(j) = 4*j**2 - 17*j - 1. Is b(12) composite?
True
Suppose -3*n + 203 = -2*n. Is n a composite number?
True
Suppose 0 = 3*z - 3 - 6. Suppose -z*v = 4 + 2. Is 33/v*(-8)/12 a composite number?
False
Suppose 0 + 4 = 4*t. Let p be t - (2/(-1) + -2). Suppose -4*f + 32 = -5*w + 3*w, 5*f - p*w - 45 = 0. Is f a composite number?
False
Let c be 5/5 + -1 + -4. Let y = 4 + c. Suppose 2*f - 2*m - m - 113 = y, -255 = -5*f + 2*m. Is f composite?
True
Let k = 702 + -440. Is k a prime number?
False
Let b(a) = -22*a - 4. Let o be b(15). Let t = 597 + o. Is t a composite number?
False
Let m be (92/8)/(1/(-60)). Let z = 985 + m. Is z composite?
True
Let h = -12 + 15. Suppose -h*y = -4*y + 47. Is y a prime number?
True
Let g(t) = -t - 7. Let f be g(-5). Let d be -4 + (f - (0 + -1)). Is 10/(d/((-75)/6)) a composite number?
True
Let u = 193 + 135. Suppose g + 0*g - u = -5*z, -3*z + 4*g + 183 = 0. Is z prime?
False
Suppose 5*z = -10, 3*l - 4*z = -0*l + 257. Is l composite?
False
Suppose -3*v + 174 = -705. Is v a prime number?
True
Suppose 0 = 2*x - 3*x + 10. Suppose -2*h = 3*w - x, h + 3*h - 5*w + 24 = 0. Let a(u) = -50*u - 1. Is a(h) a composite number?
True
Let c be (-8)/4*1 + -3324. Is (-2)/(-9) + c/(-18) a composite number?
True
Let x(c) = 20*c**3 - c**2 + 20*c**3 + 0*c**2. Let g be x(1). Suppose 0 = j + 2*j - g. Is j a composite number?
False
Suppose -328 = -o + 5*v + 141, -2*o + 938 = -v. Is o a prime number?
False
Let j(p) = 27*p - 2. Let q(x) = x - 1. Let i be q(4). Is j(i) prime?
True
Let j(z) = 25*z + 6. Is j(1) prime?
True
Suppose 0 = 4*b + 4 - 16. Suppose b*q - q - 3*l - 160 = 0, 3*q + l - 229 = 0. Is q composite?
True
Is ((-6)/(-4))/(15/820) a composite number?
True
Let u = -4268 - -6255. Is u prime?
True
Suppose c - 4*w + 20 = 5*c, w - 10 = -2*c. Suppose -2*k + 26 = 4*s - k, c*s - 34 = -2*k. Suppose s*h = h + 255. Is h prime?
False
Let x = -8 + 12. Suppose 2*d = 6 - x. Is d + -3 - 45/(-5) a composite number?
False
Suppose 3*v = -2*h + 365, 3*h + v - 2*v = 564. Is h a composite number?
True
Suppose 1 = 3*q - 2. Let d = q - -48. Let f = -26 + d. Is f prime?
True
Suppose -3*w + 5*x + 4688 = 0, -2*x + 1558 = w + x. Is w composite?
True
Let z = -3649 - -6354. Is z a composite number?
True
Suppose 8*j - 15 = 3*j. Is 32/j*6 + 1 composite?
True
Suppose 0 = -s + 3*q - 3 + 16, 27 = 3*s + 3*q. Let u = -36 + s. Let l = u + 45. Is l a composite number?
False
Let u be (52/(-6))/(6/117). Let c = -90 - u. Is c a prime number?
True
Is 652/2*5/10 a prime number?
True
Let d(m) = m**3 + 4*m**2 + 5. Let l be d(-4). Suppose 3*w - 5*r = -34 - 6, -2*w = -l*r + 35. Is (-34)/(-10) + 2/w a prime number?
True
Let h(p) = p**3 + 4*p**2 - 4*p + 6. Let a be h(-5). Suppose -f + 1 = -4. Is (f - 3) + (a - 0) a composite number?
False
Suppose 5 = -3*o - 7. Let t(g) = -g**3 - 3*g**2 - 2*g - 5. Is t(o) composite?
False
Let a be 35*(2 - (3 - 6)). Let u = a - -10. Is u a composite number?
True
Suppose 0 = -4*o + 2*l - 50, 0 = -5*o - 2*l + l - 45. Let s be ((-2)/12)/((-4)/(-24)). Is (-3 - (-1 + o)) + s composite?
False
Suppose -3*m + 10 = -m. Suppose -12 = -4*d + 4*v - 0, m*d = -5*v + 15. Suppose -d*a - 12 = -3*i + 39, 5*i - 65 = -5*a. Is i prime?
False
Suppose -2*q + 0 = -4. Let s = 189 + q. Is s a prime number?
True
Suppose -9*d - 302 = -2291. Is d a prime number?
False
Let d be (-28)/(-8) + 2/(-4). Suppose s + 24 = d*f + 6*s, 0 = 3*s - 9. Suppose f*a + 3 = 0, a = -j + 12 + 12. Is j composite?
True
Suppose 0 = -4*v + 5*v - 2. Let g be 11/v + 5/(-10). Suppose 175 = g*b - 0*b. Is b a prime number?
False
Let a = 5 - 6. Is 0 - a - (-181 + 3) a prime number?
True
Suppose -2*z - 3*v - 15 = z, 3*v + 15 = -5*z. Let d be (-1)/(-1)*(2 - 2). Suppose d = r + 1, z = 5*w - 2*r - 3*r - 400. Is w composite?
False
Suppose 1354 = -2*n + 4*n. Suppose -p + 4*d + 25 = -206, 3*p = 4*d + n. Is p prime?
True
Let w(u) = -14*u**3 - 2*u**2 - u + 4. Is w(-3) a prime number?
True
Let g(t) = -10*t - 5. Let l be g(-6). Suppose -o - 4*c + 5*c + l = 0, -155 = -3*o - 2*c. Is o a composite number?
False
Let j(x) be the third derivative of x**4 + x**3/3 - 2*x**2. Let h be j(3). Is (-5)/(-10) + h/4 composite?
False
Suppose 2*p = 5*p. Suppose p = -2*t - t + 381. Is t a composite number?
False
Let z(p) = 17*p + 4. Let c(a) = 35*a + 8. Let d(x) = -2*c(x) + 5*z(x). Is d(5) prime?
True
Suppose 0 = -5*k + 139 + 61. Suppose -2*p = 2*p - k. Is p prime?
False
Let b = 38 + -63. Let c = -22 + b. Is c*2/4*-2 prime?
True
Suppose 0*u - 20 = -5*u. Suppose -u*r - h = 3*h - 3200, -2*r - 5*h = -1609. Is r a prime number?
True
Suppose 5*c = c - 24. Is -2*(195/c - -3) a prime number?
True
Suppose -5 = -h - 1. Suppose -q + h = d, d - 19 = 5*q - q. Is d prime?
True
Let i(s) = -s + 3. Let o be i(0). Suppose -o*k + 0*k + 12 = 0. Suppose -52 = k*n - 176. Is n composite?
False
Let m = -1 + 2. Suppose -3*k - m = -7. Is (21/6)/(k/4) prime?
True
Let l be (-1)/(2/4 - 1). Suppose -5*d = l*a - 11, -4*d - d = -5. Is a composite?
False
Let u be 4/((-1)/((-3)/6)). Suppose -s + 57 = u*s. Is s a prime number?
True
Is ((-318)/(-9))/(4/114) prime?
False
Is (-2540)/10*1/(-2) prime?
True
Is ((-3049)/(-5) + 1)/((-6)/(-15)) a prime number?
False
Suppose 2 = 3*b + 8. Is (5/10)/(b/(-332)) a composite number?
False
Suppose -4*k - 1940 = -8*k. Is k a prime number?
False
Let g = -101 + 138. Is g a prime number?
True
Let u = -1461 + 1039. Let x = u + 759. Is x a prime number?
True
Let f = 11 + -6. Suppose -3*m = 4*w - 15, -f*m = -4*w - 19 - 6. Suppose -4*g + 49 + 27 = w. Is g a composite number?
False
Let x(u) = 4*u**3 + 4*u**2 + 7*u + 2. Let j(b) = -b**3 + b**2 + b + 1. Let p(d) = -4*j(d) + x(d). Is p(3) a composite number?
False
Let n = -15 - -4. Let f(x) = -16*x - 15. Is f(n) a composite number?
True
Suppose 6*a = -a + 28. Suppose -3*l = 460 + 269. Is (l/(-4) + 2)*a prime?
True
Let s(p) = p - 6. Let g be s(12). Suppose -2*k + 4*z + g = -k, 4*k - 5*z = 46. Is 1586/k + (-10)/35 prime?
True
Let s(y) = -y**2 + 6*y - 5. Let z(r) = r**2. Let v(n) = -s(n) - 2*z(n). Let x = 5 + -10. Is v(x) a composite number?
True
Suppose -3*j + 11055 = 5*i - 7*j, 3*i = -j + 6616. Is i a composite number?
False
Let y(c) = c**2 - 8*c + 6. Is y(-8) composite?
True
Let b be 0/(2 + -2 + -2). Let a(m) = m - 38. Let l be a(b). Let s = -19 - l. Is s prime?
True
Is -3*(-2)/(18/1473) a composite number?
False
Suppose 2*l - 1469 = -3*t, -4 = l + l. Is t a prime number?
True
Let o be 10*(-1)/((-5)/(-4)). Let q(r) = -r**2 - 8*r + 2. Let x be q(o). Is 60 + 1 + 0 - x a composite number?
False
Let y be (4/8)/((-2)/(-8)). Let h be y + (2 - (-170 + 0)). Let c = h + -119. Is c a prime number?
False
Suppose 5*z + 4*f = 1864, 2*f + 1036 = 5*z - 822. Suppose -3*l + z = -201. Is l a composite number?
False
Suppose -7*x = -5*x - 1502. Is x prime?
True
Suppose 2*k + 5*w - 158 = 1802, 2*w = 3*k - 2959. Is k a composite number?
True
Let q(z) = 4*z - 5. Let n be q(2). Suppose -n*p + p = -290. Is p a prime number?
False
Suppose 0 = -5*s + h - 35, 4*s = -2*h - 24 - 4. Let n = s - -11. Is n composite?
True
Let c(h) = 4*h**2 - 35*h + 41. Is c(26) a composite number?
True
Suppose -5*r + 5*z = -5, 4*z = -r - 0*z + 21. Suppose y - m - 3 = -3*y, r*y + m = 15. Is y + 2*4 + 1 a composite number?
False
Let p(z) = z**3 + z**2 + 53. Is p(0) composite?
False
Let p = -188 - -517. Is p prime?
False
Suppose 2*z = -z - 5*t + 538, 3*z = -4*t + 536. Suppose -5*h = -379 - z. Is h prime?
False
Let k(t) = t**2 - 1. Let c(p) = -2*p**2 - 3*p + 8. Let n(u) = c(u) + 6*k(u). Is n(-3) a prime number?
True
Suppose x + 4*i + 656 = 0, i + i